-q. What are the prime factors of q?
2, 11
Suppose 3*j - 2 + 50 = 0. List the prime factors of -1*104/(j/4).
2, 13
Let x(c) = -c**3 - 6*c**2 + 9*c + 14. Let u be x(-7). Let a(w) = -w**2 - w + 65. What are the prime factors of a(u)?
5, 13
Let l(m) = 46*m + 5. List the prime factors of l(3).
11, 13
Let a = 1578 - 798. List the prime factors of a.
2, 3, 5, 13
Let i(u) = u - 11. Let g be i(16). Suppose k = -2*p + 4*p + 4, 3*k + g*p = 56. What are the prime factors of 78/k*(2 - -2)?
2, 13
Let w = 133 - 175. Let k be -2*1/((-1)/(-37)). Let d = w - k. What are the prime factors of d?
2
What are the prime factors of (-4)/(-42) + (-54512)/(-42)?
2, 11, 59
Let c(m) = -13*m**2 - 4*m + 1. Let r be c(6). Let y = 758 + r. What are the prime factors of y?
3, 89
Let a(j) = 4*j**2 - 7*j - 3. List the prime factors of a(16).
3, 101
What are the prime factors of (-6 - -9) + 537 + 4?
2, 17
Let q = 4 - 1. Suppose -3*x + 100 = 2*x - m, q*x - 5*m = 82. List the prime factors of 3 - 3 - (-1 - x).
2, 5
Suppose -3*w + 0*w = -12, 3*t = -5*w + 47. Let b(m) = 0 + 0 + 7 + 3*m. What are the prime factors of b(t)?
2, 17
Suppose -13*r = -22*r + 26739. List the prime factors of r.
2971
Let h be 2/6 + (-16)/(-6). Let s be -1*(h + -21) - 0. What are the prime factors of s + 1 + 0/(-2)?
19
Suppose 5*c = -c - 1446. Let o = c - -374. List the prime factors of o.
7, 19
Let d = 105 - 106. What are the prime factors of 1477/(-14)*2/d?
211
Let i be 12*(-5)/((-45)/24). Suppose -4*t - 24 - i = 0. List the prime factors of (-119)/(-2) + 21/t.
2, 29
Suppose 30*x - 20333 = 8047. What are the prime factors of x?
2, 11, 43
Let p(r) = -r**3 - 13*r**2 - 7*r - 62. What are the prime factors of p(-19)?
2237
Let b be ((-1)/(-1))/((-1)/(-16)). Suppose 2*r + 4*n = 24, 3*n = 4*r - 9 - 17. Let p = b - r. List the prime factors of p.
2
Let t = 1217 + -566. What are the prime factors of t?
3, 7, 31
Let l = 1 - -36. Suppose o - 54 = -2*s, s + 5*o = l - 10. What are the prime factors of s?
3
Suppose 12*b - 3389 = 4279. What are the prime factors of b?
3, 71
Suppose 0 = 2*q - 202 - 112. Let y = 2 + q. What are the prime factors of y?
3, 53
Suppose -17 = -4*b - 1, -5*m - 5*b = -385. List the prime factors of m.
73
Let l(z) = -11*z + 8. Suppose 5*a = -2*o - 38, o + 15 = a - 3*a. Let j be l(a). Suppose 4*t = -0*t + j. What are the prime factors of t?
2, 3
Let i = -178 - -253. What are the prime factors of i?
3, 5
Suppose 8*x - 691 - 405 = 0. What are the prime factors of x?
137
Let r(s) = -18*s**2 + 130*s - 5. What are the prime factors of r(5)?
3, 5, 13
Let k = 2 - -481. List the prime factors of k.
3, 7, 23
Suppose -415 - 407 = -6*c. Let a = c + 97. What are the prime factors of a?
2, 3, 13
Let p(q) = -4*q**3 + 5*q + 4. Let x be p(-3). Suppose -3*v - v = r - x, -v = r - 82. Suppose 3*i = r - 26. What are the prime factors of i?
17
Let p = 7 - 6. Let j(l) = 5 - p - 1 - l + 7. List the prime factors of j(-8).
2, 3
Suppose 3*d = -3*f + 6, 2*d - 4 = 4*f - 3*f. Suppose 3*j - 12 = d*j. Suppose 0 = -7*x + j*x - 100. What are the prime factors of x?
2, 5
Let g(r) be the first derivative of 2*r**2 - 10*r - 2. Let o be g(11). Suppose -o + 8 = -2*z. What are the prime factors of z?
13
Let h be (-5)/((-45)/6)*6. Suppose h*v - 27 = v. What are the prime factors of v?
3
Let x(s) be the third derivative of -s**4/12 + 5*s**3/3 - 5*s**2. Let t be x(-10). Suppose -t = -5*m - 2*d + 75, -m + d + 21 = 0. List the prime factors of m.
3, 7
Let m be 2/11 + 648/66. What are the prime factors of (-32)/m*(-90)/4?
2, 3
List the prime factors of -24*(-23)/10*(5 + 0).
2, 3, 23
Let x(n) = n**3 + 22*n**2 + 29*n + 49. List the prime factors of x(-20).
269
Let r = -42 - -89. Let o = r - 34. What are the prime factors of o?
13
Suppose -8 = 4*d, -k + 0*k - 4*d = -1085. What are the prime factors of k?
1093
Let t(i) = -i**3 + 13*i**2 - 7*i - 5. Let y be t(12). Let z = y - -36. What are the prime factors of z?
7, 13
Let q(n) = -3*n + n - n**3 + 2*n**2 + 0*n - 7*n**2 - 5. Let h be q(-5). Suppose 2*w - h*w = -60. What are the prime factors of w?
2, 5
What are the prime factors of 2460 + 9 - (1*-10 - -4)?
3, 5, 11
Let r(u) = u**3 + 8*u**2 - 11*u + 5. Suppose 0 = 2*t - 5*l + 43, 4*t - 26 = l - 67. List the prime factors of r(t).
23
Suppose 12*x = 2*f + 11*x - 4194, -4*x = -3*f + 6286. What are the prime factors of f?
2, 1049
Let w(y) = 9*y**2 + 5*y + y**3 - 4*y**3 - 25 - 17*y + 4*y**3. Let p be w(-10). What are the prime factors of 3/p + 1128/30?
37
Let g = -357 + 557. Let q = -119 + g. What are the prime factors of q?
3
Suppose -4*f + 63*n + 9199 = 68*n, 2*n = 4*f - 9234. List the prime factors of f.
2, 1153
Suppose -3*k + 5 + 35 = -5*z, 2*z - 3*k + 16 = 0. What are the prime factors of (-1494)/(-24) - (-2)/z*-3?
3, 7
Let w = 12996 - 9045. List the prime factors of w.
3, 439
Suppose 33*l = 32*l - x + 3433, -3*l - 4*x + 10300 = 0. List the prime factors of l.
2, 3, 11, 13
Suppose 2*y + 4*f = 6*y - 1924, 0 = -y + 3*f + 479. List the prime factors of y.
2, 241
Suppose 5*s = -0*n + n + 17, 3*s = -n + 7. Suppose 281 = s*w + 2*j, -4*w = 5*j - 142 - 221. What are the prime factors of w?
97
Suppose 0 = -4*g - l + 2227, 5*l = 4*g - 842 - 1367. What are the prime factors of g?
2, 139
Let x(r) = 13*r**2 + 15*r - 128. List the prime factors of x(6).
2, 5, 43
List the prime factors of -9*(-9)/18*1580/6.
3, 5, 79
Suppose h = 487 + 135. What are the prime factors of h?
2, 311
Suppose 16 = 4*c + 3*h, -4*c + 5*h - 4 = -20. Suppose -c*t + 460 = t. List the prime factors of t.
2, 23
Let d(t) be the second derivative of -19*t**3/6 - 6*t**2 + 5*t. What are the prime factors of d(-6)?
2, 3, 17
Let p(x) be the second derivative of -19*x**3/6 - 3*x**2/2 + 16*x. List the prime factors of p(-1).
2
Let r be -7 + 1/((-1)/2). Let s(f) = -2*f - 15. Let x be s(r). Suppose -x*t = -t - 80. What are the prime factors of t?
2, 5
Suppose -2 = -2*f + 2. Let x be ((-3)/(-2))/(1/f). What are the prime factors of (2 - x)*2 - -11?
3
Suppose -3655 = -5*h - 5*b, -h + b + 3661 = 4*h. What are the prime factors of h?
2, 3, 61
Let g = 2627 - 1127. What are the prime factors of g?
2, 3, 5
What are the prime factors of ((-2)/3)/((-10)/24840)?
2, 3, 23
Suppose 25*g + 5636 - 21436 = 0. What are the prime factors of g?
2, 79
What are the prime factors of 12032/((-240)/(-15)) - (-4 + 1)?
5, 151
Suppose h - z + 3*z = -44, -4*h = z + 197. What are the prime factors of (h/(-6))/(8/24)?
5
Let l(j) = -998*j + 9. What are the prime factors of l(-1)?
19, 53
Let q be (1 - 5) + (-10 - -1). Let p = -8 - q. Suppose -p*n + 27 = -y + 75, -5*n + 81 = 2*y. List the prime factors of y.
43
Suppose 0 = -23*h - 69 + 4807. What are the prime factors of h?
2, 103
Suppose -5*l - 8 = -3*l, -46 = -5*i + 4*l. Suppose -i*g + 2285 = 137. List the prime factors of g.
2, 179
Suppose -56*j = -2*j - 196992. What are the prime factors of j?
2, 3, 19
Let l(m) = -14*m**2 + 7. Let q(k) = 7*k**2 - 3. Let j(c) = 2*l(c) + 5*q(c). List the prime factors of j(4).
3, 37
Let c(x) = 61*x**2 - 17*x - 9. List the prime factors of c(6).
3, 5, 139
Suppose -3*t + 12300 = 2*o, 3*t = -57*o + 58*o + 12300. List the prime factors of t.
2, 5, 41
Let v be 28/8 - (-2)/4. Suppose v*s + 252 = -0*s + 5*t, -2*t = 0. Let i = 88 + s. What are the prime factors of i?
5
Let f(p) = -p**3 - 6*p**2 + 2*p + 12. Let t be f(-8). Suppose c + c = t. What are the prime factors of c?
2, 31
Let k = -31 - -33. Let o(d) = 3*d**2 + 2*d - 2. Let j be o(-3). Suppose -j = -3*h + k. List the prime factors of h.
7
Suppose 0 = 5*m + 15, 0 = 4*v + 2*m - 70 + 16. List the prime factors of v.
3, 5
Let t(h) = 4*h - 14. Let m be t(5). Suppose -n + 43 = -m. List the prime factors of n.
7
Let o = -3374 - -5155. What are the prime factors of o?
13, 137
Let b(z) = -1340*z + 133. List the prime factors of b(-4).
3, 1831
Suppose -132 = -4*j + 15*j. Let n(h) = h**3 + 13*h**2 + 2*h - 23. List the prime factors of n(j).
97
Let v(i) = -i**2 + 18*i - 15. Let a be v(10). Suppose 45 = -l + 4*l + 3*j, -4*l + a = -j. List the prime factors of l.
2
Let u(l) = -38*l - 24. What are the prime factors of u(-8)?
2, 5, 7
Suppose -4*r - 2*w - w = 1453, 0 = -3*w + 3. Let a = r - -517. List the prime factors of a.
3, 17
Suppose -3*d - d = 380. Let t = d + 53. Let o = t - -62. What are the prime factors o